 digit of 359594?
4
What is the hundred thousands digit of 1278735?
2
What is the hundred thousands digit of 311906?
3
What is the thousands digit of 5294494?
4
What is the millions digit of 26755394?
6
What is the ten thousands digit of 3887323?
8
What is the hundred thousands digit of 252072?
2
What is the millions digit of 1037920?
1
What is the tens digit of 201487?
8
What is the thousands digit of 90827?
0
What is the ten thousands digit of 90776?
9
What is the thousands digit of 1352366?
2
What is the tens digit of 3833210?
1
What is the hundreds digit of 1313246?
2
What is the units digit of 1098459?
9
What is the ten thousands digit of 392666?
9
What is the tens digit of 1293741?
4
What is the units digit of 350842?
2
What is the tens digit of 1055899?
9
What is the ten thousands digit of 490039?
9
What is the thousands digit of 273381?
3
What is the hundreds digit of 6392540?
5
What is the tens digit of 660745?
4
What is the hundreds digit of 463572?
5
What is the ten thousands digit of 544569?
4
What is the ten thousands digit of 2336053?
3
What is the thousands digit of 5505323?
5
What is the units digit of 44864?
4
What is the thousands digit of 2325698?
5
What is the hundreds digit of 3942711?
7
What is the hundreds digit of 1662735?
7
What is the thousands digit of 3571747?
1
What is the hundred thousands digit of 2382518?
3
What is the hundred thousands digit of 463436?
4
What is the thousands digit of 182959?
2
What is the millions digit of 8888609?
8
What is the units digit of 2916740?
0
What is the tens digit of 18400500?
0
What is the units digit of 1058812?
2
What is the hundred thousands digit of 9456785?
4
What is the hundreds digit of 293500?
5
What is the units digit of 10629?
9
What is the tens digit of 1702262?
6
What is the millions digit of 5698312?
5
What is the tens digit of 423556?
5
What is the units digit of 4989461?
1
What is the hundreds digit of 2912843?
8
What is the hundreds digit of 204563?
5
What is the hundreds digit of 837362?
3
What is the hundred thousands digit of 3750923?
7
What is the tens digit of 15326253?
5
What is the hundred thousands digit of 1753869?
7
What is the units digit of 12461785?
5
What is the ten thousands digit of 108055?
0
What is the thousands digit of 63774?
3
What is the units digit of 4254037?
7
What is the hundreds digit of 336589?
5
What is the hundreds digit of 171773?
7
What is the ten thousands digit of 813017?
1
What is the units digit of 1217245?
5
What is the hundred thousands digit of 2260227?
2
What is the hundred thousands digit of 30934941?
9
What is the thousands digit of 1569426?
9
What is the hundreds digit of 637153?
1
What is the ten thousands digit of 173511?
7
What is the hundreds digit of 925219?
2
What is the units digit of 7756223?
3
What is the hundred thousands digit of 959560?
9
What is the tens digit of 235913?
1
What is the units digit of 44892?
2
What is the hundred thousands digit of 473036?
4
What is the hundreds digit of 8536205?
2
What is the units digit of 483901?
1
What is the thousands digit of 248790?
8
What is the thousands digit of 221000?
1
What is the hundred thousands digit of 892491?
8
What is the hundreds digit of 101365?
3
What is the thousands digit of 1595082?
5
What is the hundreds digit of 302767?
7
What is the ten thousands digit of 231108?
3
What is the thousands digit of 547316?
7
What is the ten thousands digit of 2405353?
0
What is the tens digit of 21940?
4
What is the thousands digit of 190622?
0
What is the tens digit of 14180836?
3
What is the hundreds digit of 287798?
7
What is the hundred thousands digit of 19968799?
9
What is the units digit of 1592844?
4
What is the ten thousands digit of 233881?
3
What is the tens digit of 508087?
8
What is the ten thousands digit of 11074134?
7
What is the tens digit of 3596332?
3
What is the hundred thousands digit of 9142007?
1
What is the units digit of 882689?
9
What is the ten thousands digit of 3854878?
5
What is the hundreds digit of 3529598?
5
What is the ten millions digit of 13201103?
1
What is the ten thousands digit of 949002?
4
What is the millions digit of 11488314?
1
What is the thousands digit of 22180?
2
What is the tens digit of 1217496?
9
What is the thousands digit of 282835?
2
What is the millions digit of 9949202?
9
What is the tens digit of 35346665?
6
What is the thousands digit of 2069849?
9
What is the hundreds digit of 3282603?
6
What is the tens digit of 2031259?
5
What is the hundred thousands digit of 511852?
5
What is the hundred thousands digit of 1354703?
3
What is the ten thousands digit of 24494?
2
What is the tens digit of 5603?
0
What is the ten thousands digit of 3947208?
4
What is the units digit of 7106302?
2
What is the ten millions digit of 10695148?
1
What is the ten thousands digit of 639738?
3
What is the ten thousands digit of 14325?
1
What is the millions digit of 13576843?
3
What is the units digit of 724984?
4
What is the tens digit of 50378?
7
What is the units digit of 188301?
1
What is the units digit of 545236?
6
What is the ten thousands digit of 164235?
6
What is the hundreds digit of 5523?
5
What is the tens digit of 13968675?
7
What is the thousands digit of 205198?
5
What is the ten thousands digit of 903109?
0
What is the units digit of 1475946?
6
What is the units digit of 883061?
1
What is the units digit of 6130403?
3
What is the units digit of 9297625?
5
What is the millions digit of 4901786?
4
What is the units digit of 103812?
2
What is the ten thousands digit of 2604933?
0
What is the hundreds digit of 526748?
7
What is the units digit of 3121724?
4
What is the hundred thousands digit of 247410?
2
What is the tens digit of 78364?
6
What is the thousands digit of 1236060?
6
What is the tens digit of 1132479?
7
What is the hundred thousands digit of 4693271?
6
What is the thousands digit of 4989290?
9
What is the units digit of 8958?
8
What is the ten thousands digit of 11182370?
8
What is the hundreds digit of 5193933?
9
What is the ten thousands digit of 4360619?
6
What is the ten thousands digit of 144665?
4
What is the tens digit of 670060?
6
What is the hundred thousands digit of 1349375?
3
What is the hundreds digit of 840550?
5
What is the hundred thousands digit of 106526?
1
What is the thousands digit of 467192?
7
What is the hundred thousands digit of 4435971?
4
What is the hundred thousands digit of 787306?
7
What is the thousands digit of 20733246?
3
What is the hundred thousands digit of 19270930?
2
What is the tens digit of 304883?
8
What is the hundred thousands digit of 1914513?
9
What is the hundred thousands digit of 129927?
1
What is the thousands digit of 960509?
0
What is the hundreds digit of 1196834?
8
What is the ten thousands digit of 611448?
1
What is the hundred thousands digit of 104657?
1
What is the ten thousands digit of 181733?
8
What is the units digit of 1864911?
1
What is the units digit of 27410?
0
What is the ten thousands digit of 6038783?
3
What is the millions digit of 8003486?
8
What is the hundred thousands digit of 1329441?
3
What is the millions digit of 3165941?
3
What is the tens digit of 199901?
0
What is the hundreds digit of 734428?
4
What is the hundreds digit of 992941?
9
What is the millions digit of 1225012?
1
What is the hundred thousands digit of 114900?
1
What is the units digit of 1223894?
4
What is the hundreds digit of 340113?
1
What is the thousands digit of 869420?
9
What is the millions digit of 23474048?
3
What is the ten thousands digit of 1188944?
8
What is the thousands digit of 422615?
2
What is the hundred thousands digit of 4559642?
5
What is the hundreds digit of 1098154?
1
What is the ten thousands digit of 529922?
2
What is the hundreds digit of 91586?
5
What is the tens digit of 59637?
3
What is the thousands digit of 1451443?
1
What is the millions digit of 5744909?
5
What is the hundred thousands digit of 415389?
4
What is the hundreds digit of 2878875?
8
What is the hundred thousands digit of 132106?
1
What is the ten thousands digit of 1061726?
6
What is the hundreds digit of 964279?
2
What is the hundreds digit of 16790737?
7
What is the hundreds digit of 14576426?
4
What is the hundreds digit of 4023380?
3
What is the thousands digit 